 3 + -2.
-3
-2 - (-6 + 8 + (-3 - -2))
-3
What is 9 - 2 - (-16 - -17)?
6
Evaluate (1 - -1) + (2 - 3) - -2.
3
What is (19 - 8) + -8 - (10 + 0)?
-7
What is the value of -4 - ((8 - 4) + -15)?
7
What is the value of 1 + -1 + (4 + -4 - 2)?
-2
Evaluate -4 + (-8 - -3 - -8).
-1
Evaluate 4 + -4 + (-3 - (3 + -9)).
3
What is 0 + 2 - -2 - (74 - 70)?
0
What is the value of (-3 - (3 - 1)) + 10 - 2?
3
Calculate 8 + -8 + 2 + 5 + 0.
7
Evaluate 7 + 3 + -14 + (0 - -6).
2
-3 - (3 - 6 - -3)
-3
What is the value of -10 + 1 + -3 + 6 + 3?
-3
Calculate -4 + -3 + 4 + (-2 - -2).
-3
What is the value of -1 + 8 + -3 + -2?
2
Calculate -8 - 1 - (1 - 6).
-4
12 - ((-11 - -9) + 6)
8
Evaluate 6 + -6 + 0 + -3.
-3
1 + 2 + -6 + 0
-3
1 + 9 + -5 + -10
-5
Evaluate 13 - (8 + -17 + 19).
3
Evaluate -2 + (1 + -3 - -11).
7
3 + (-7 - -6 - -3)
5
Evaluate -2 - (2 + (4 - 5)).
-3
0 + -5 + (-4 - (-1 + -3))
-5
Calculate (1 - (3 - (6 - 0))) + -4.
0
-3 + 13 + 0 + -7
3
What is the value of -9 + 0 + 4 + 0?
-5
-1 + (-8 + (8 - 5) - -14)
8
Calculate 1 - (4 - (-11 + 22)).
8
What is the value of (12 - 5 - 7) + 6?
6
Calculate -11 + -4 + 8 + 4.
-3
What is the value of (13 - 8) + (-2 - 8)?
-5
3 + -2 - 5 - -1 - 4
-7
-2 + -7 - (-38 + 32)
-3
What is the value of 1 - (-7 - (4 + -4 + -1))?
7
0 + 6 + (36 - 38)
4
Calculate 2 + (-3 - 0) - (1 - 6).
4
Evaluate -4 - (2 - (13 + -5) - 3).
5
Evaluate 4 + 8 + -13 + -2.
-3
2 + (12 - -2) + -18 + 11
9
What is 0 + (-6 - (-4 + 3 + 1))?
-6
What is -2 - (-5 - (2 - 0))?
5
Calculate -3 + (1 - 2) + 3.
-1
What is 5 - (-3 + -1 + (-3 - -10))?
2
What is -3 + 0 + -2 - -2?
-3
Calculate -5 + (4 - -6) + -7.
-2
4 - (2 + -1 + 0)
3
Calculate -4 + (-1 - 0) - (-8 + 3).
0
Calculate -9 + (4 - 2) + 2.
-5
6 - (-4 + (10 - 5))
5
What is the value of (-7 - (-8 - -4)) + 11 + 0?
8
What is (-2 - (7 + -3)) + 3?
-3
(-1 - 4) + 5 + -6
-6
Evaluate 3 - (-4 + 5 + 1).
1
Calculate -3 + -6 + 4 + 4 - 2.
-3
Calculate -1 - (0 + (5 - -4) + -5).
-5
4 + -1 + -3 + (-8 - -10)
2
What is the value of 5 - (5 + (5 - 11))?
6
Calculate 9 + -9 + -6 + 5.
-1
What is 0 - (-2 + 4) - 5?
-7
What is the value of (-2 - 0 - -6) + -4?
0
What is the value of 3 + (1 - 4) + -3 + 10?
7
Evaluate (3 - 3 - -2 - 0) + -6.
-4
1 - (7 - (2 - 1)) - -2
-3
Evaluate -6 - ((10 - -1) + -10).
-7
What is 5 + -1 - (11 - (2 + -1))?
-6
Calculate 3 + (-13 + -4 + 1 - -5).
-8
Evaluate 6 - (1 + -7 + 13).
-1
Calculate -12 - (-11 - (-6 - (-1 - -1))).
-7
Evaluate 1 + (-7 - 1 - -15) + -10.
-2
What is the value of (0 - 2) + (-6 - -10) + -12?
-10
-4 + 0 - (0 + -5)
1
Evaluate -3 - (6 + -4) - -4.
-1
What is the value of 11 + -9 + 10 + -4?
8
2 + 3 + 11 + -24
-8
What is 6 - (-5 - (-4 - 3))?
4
Evaluate 11 - (-2 + -1 - -2 - -3).
9
Calculate -2 + 1 + -34 + 40.
5
Calculate -3 - (-7 + 3) - (2 + -5).
4
What is 4 - (-1 - (-3 + 0)) - 0?
2
Evaluate -2 + (-6 - -5) + -1.
-4
What is the value of (2 - -5) + 2 + -8 - 4?
-3
What is -1 - (1 + 1 + 0) - 2?
-5
Evaluate (-1 - (3 + 0)) + (2 - -2).
0
4 + 2 + 2 + (1 - 7)
2
Evaluate -1 - 0 - (-18 - -19).
-2
1 + 2 + 0 - 2
1
Evaluate -12 + (17 - (-9 + 12)).
2
What is the value of 2 - 2 - (5 + -1)?
-4
Evaluate (-15 - -10) + 0 - 0.
-5
What is the value of 4 + -3 + -2 - (-6 + 1)?
4
What is (1 - 7) + 19 + (-22 - -3)?
-6
(-1 - -6) + (66 - 70) + 2
3
Calculate 0 + 3 - -1 - 4.
0
Evaluate 36 + -33 - (0 - 1 - -2).
2
(1 - -1) + (3 + 10 - 10)
5
What is the value of -1 - -10 - (-25 - -32)?
2
What is the value of -1 - -1 - -1 - (-14 + 18)?
-3
13 + -17 - (-3 - (10 - 2))
7
What is (0 + 20 - 10) + -11?
-1
Calculate 5 + -3 + (-2 - -1).
1
What is -3 + -8 + (18 - 12)?
-5
Evaluate 1 - -1 - (5 + 0 + -1).
-2
Evaluate (-2 - 4 - (-9 - -5)) + -3.
-5
Evaluate (-4 - (-2 - 0)) + 30 + -28.
0
-1 + 3 - ((17 - 24) + 7)
2
Calculate 3 + -22 + 8 + 11.
0
What is the value of 8 - 8 - (0 - 0)?
0
What is the value of -2 - (9 + -10 + 5) - 2?
-8
Calculate 0 - (-1 + 0 - 2).
3
Calculate 17 + -9 - (6 + -1) - -1.
4
Calculate -3 - (-1 - 1 - (-7 - -4)).
-4
Evaluate -21 - -12 - (-9 - -4).
-4
Calculate (-4 - -4) + 0 - -3.
3
Evaluate 1 + 4 - (-65 - -64).
6
What is the value of 1 + (-3 - -4) + -4?
-2
What is the value of 0 + -6 - (12 + -16)?
-2
Calculate 4 + (0 + -12 - -3).
-5
Evaluate 6 - 18 - (-4 - -2).
-10
What is (-3 - -6) + -4 + (-2 - 5)?
-8
(3 - (1 - 1)) + -6 - -7
4
Calculate (-8 - (-1 + 1)) + (-9 - -13).
-4
Evaluate (-1 - 1) + 12 + -12 - 1.
-3
What is the value of -14 + (2 - 2) + 14?
0
Calculate -7 + 9 + -4 + -1.
-3
What is the value of (8 + -7 - -7) + 1?
9
What is the value of -36 + 42 - (-2 - -12 - -2)?
-6
Calculate (9 + -6 - (10 - 3)) + 11.
7
What is the value of 2 + -5 + (-1 - -1)?
-3
Calculate 0 - 3 - (-10 + 2).
5
Calculate 3 + -2 + (5 - 8) + -1.
-3
What is -6 + 9 - (11 + -2 + -1)?
-5
Calculate (7 - 1 - 6) + 4.
4
What is (-13 - -13) + -4 - (2 - 9)?
3
Calculate -4 + (4 - -1) + (2 - -7).
10
What is the value of (1 - -2) + (-3 - (2 + -2))?
0
What is -3 + 1 + -3 + 1?
-4
Evaluate -8 - (0 + -4 + 1).
-5
Calculate 8 - (-11 - -8) - 17.
-6
-8 + (-7 - -6) + 10
1
What is the value of (11 - 2) + -12 - -9?
6
What is -2 + -4 + -6 + 16?
4
What is the value of (3 - -1) + (-4 - 0)?
0
6 - (1 - 6) - 11
0
What is -1 + (1 + 2 - 7)?
-5
What is 9 + (6 - 7) + -8?
0
What is the value of -5 - (-5 - -7) - (-11 - -2)?
2
91 - 90 - (-1 + 0)
2
Evaluate 0 + 1 + -5 + 3.
-1
-2 + -8 + 13 + -7
-4
Evaluate -2 + 2 - (-29 - -22).
7
Evaluate -14 + 2 + 69 + -64.
-7
What is the value of -3 + -2 + 2 + (49 - 53)?
-7
Calculate -18 + -1 - (18 - (5 - -21)).
-11
What is -2 - (1 + (0 - 2 - -1))?
-2
Evaluate 2 + 1 - (-1 - 2).
6
-2 + 2 - (13 - (-2 - -20))
5
What is the value of 12 - (5 + -1 + 5)?
3
7 + (-5 - (0 - -1))
1
-4 + -2 - (-1 - (-6 + 6))
-5
0 + (4 - 2) - 2 - 0
0
Calculate (12 - 19) + 1 + 6 - 9.
-9
(-7 - -2 - (-2 + -7)) + 2
6
Calculate -3 + 4 + -2 + 3 + -2.
0
Evaluate 0 + (-10 - -8) - 3.
-5
What is the value of 4 - ((-2 - 1) + 7 + -1)?
1
Calculate -6 + (0 - -4) + -46 + 46.
-2
(26 - 19) + 1 + -19
-11
(4 - 3) + -6 + 1
-4
Calculate 14 - 32 - -4 - -21.
7
Evaluate 2 + -4 + 1 - (-24 - -22).
1
Evaluate (-3 - 2) + 1 + 4.
0
-2 - (-5 + 4) - (-7 + -1)
7
Evaluate -9 + 2 + 11 - (2 + -1).
3
What is the value of -2 + (3 - 4) - (3 - 4)?
-2
Evaluate (-3 - 0) + 5 + -2.
0
(-3 - -2) + (4 + -1 - -1)
3
9 + -24 + 2 + 10
-3
Evaluate 8 + 3 + 2 + -10.
3
What is (-131 - -145) + -5 + 1?
10
Calculate (-1 - (1 - 2)) + (-16 - -14).
-2
Calculate 6 + (0 - -1) + -8.
-1
What is -2 + 2 + -6 + 3?
-3
Calculate 7 + 3 + 10 + -20.
0
(8 - (5 - 1)) + -6
-2
Evaluate -1 - 6 - (-101 - -89).
5
2 + 0 + -15 + -3 + 12
-4
What is (2 - 7 - -2) + (-4 - -3)?
-4
Evaluate -2 + (1 - 2) - (3 - 6).
0
What is -2 - ((2 - 1) + -8)?
5
What is the value of 9 - 16 - 3 - -1?
-9
Calculate -2 + -3 + -2 + -14 + 17.
-4
What is the value of 4 + -8 + -1 + (-4 - -8)?
-1
Calculate (-1 - 3) + (-6 - 7 - -16).
-1
What is 3 + 0 + -1 + (-81 - -88)?
9
What is the value of 2 + 5 + -4 - (3 + -1)?
1
What is -2 + 2 + 1 - (195 + -196)?
2
(3 - 8) + 0 - -7
2
What is the value of -3 - (4 - (0 - (-2 + 0)))?
-5
-6 - (-12 - (-1 - 3))
2
Calculate (1 + 2 - 0) + 1.
4
0 - (0 + (9 + -4 - 8))
3
Evaluate 2 + -1 - -3 - 2.
2
Calculate -9 + -10 + 11 - (-8 - -2).
-2
Evaluate -3 + 7 + (3 - 3).
4
What is the value of -2 - (4 + 0) - (6 + -7)?
-5
Calculate 1 + 4 - (14 - 6).
-3
What is the value of 5 + -15 + 4 + 3?
-3
What is the value of -6 - -1 - (-13 - -8) - -7?
7
Evaluate (0 - 3 - (3 + -10)) + -3.
1
Calculate 2 + (-6 - -4) - 5.
-5
2 + -10 - (28 - 28)
-8
-1 - -1 - (75 - 73)
-2
((-3 - -1) + -2 - 2) + 13
7
Calculate -8 + (3 - -1) + -31 + 31.
-4
What is -2 + -11 + 12 + (-3 - 1)?
-5
What is the value of -6 - (5 + -2 + -6)?
-3
What is the value of -7 + -4 + 0 + 13 + -8?
-6
-5 + (-2 + (0 - -8) - 2)
-1
Evaluate -1 - (3 - (14 + -3)).
7
Calculate 2 + 2 + (3 + 0 - 3).
4
What is (10 + -20 - -3) + 2?
-5
Evaluate 4 + -3 + (-19 - -16).
-2
Calculate -2 - -16 - (-2 - -1 - -7).
8
What is (-46 - -41) + (-1 - -1)?
-5
What is the value of 1 - -3 - (11 - 2)?
-5
What is the value of 5 - (0 + 0 + (-3 - -4))?
4
-10 + -8 + 9 - -3
-6
Calculate -2 + (5 - (-2 + 0)).
5
What is the value of (-2 - (2 - 7)) + -3?
0
What is the value of -15 + 7 + -8 + (-1 - -12)?
-5
-1 + 3 + (5 - 4 - 2)
1
-5 - (2 - (-1 - -7))
-1
What is the value of -2 - (10 - 7 - (0 - -7))?
2
Calculate (-5 - (8 - 13)) + 4 + 1.
5
What is -6 + -2 + (10 - 7)?
-5
What is the value of (-2 - 2) + (6 - 